git of 567795607?
6
What is the millions digit of 130314217?
0
What is the units digit of 1331302021?
1
What is the ten thousands digit of 2699578?
9
What is the tens digit of 64205186?
8
What is the millions digit of 37849932?
7
What is the hundred thousands digit of 293835061?
8
What is the hundreds digit of 145398142?
1
What is the hundreds digit of 86053332?
3
What is the units digit of 24804947?
7
What is the hundreds digit of 5242420464?
4
What is the tens digit of 284402690?
9
What is the hundreds digit of 99475752?
7
What is the tens digit of 58762270?
7
What is the ten thousands digit of 91852700?
5
What is the tens digit of 579829210?
1
What is the hundred thousands digit of 202107149?
1
What is the units digit of 473143463?
3
What is the ten millions digit of 887956244?
8
What is the ten millions digit of 1868886050?
6
What is the thousands digit of 26909844?
9
What is the thousands digit of 201638825?
8
What is the hundred thousands digit of 45687242?
6
What is the hundred millions digit of 318970847?
3
What is the hundred thousands digit of 770701928?
7
What is the ten millions digit of 253159986?
5
What is the tens digit of 68020906?
0
What is the hundred thousands digit of 52510512?
5
What is the millions digit of 114051420?
4
What is the ten thousands digit of 1556623070?
2
What is the millions digit of 1041858839?
1
What is the ten millions digit of 12247753?
1
What is the millions digit of 71279199?
1
What is the thousands digit of 16411715?
1
What is the tens digit of 1241145163?
6
What is the ten thousands digit of 5678394270?
9
What is the thousands digit of 2545505987?
5
What is the ten thousands digit of 1055543845?
4
What is the units digit of 3711161795?
5
What is the tens digit of 1475284525?
2
What is the thousands digit of 5449862?
9
What is the hundreds digit of 116967826?
8
What is the units digit of 658815657?
7
What is the ten thousands digit of 10927474?
2
What is the hundreds digit of 6855930?
9
What is the millions digit of 131039185?
1
What is the hundred thousands digit of 331008330?
0
What is the ten millions digit of 713462017?
1
What is the thousands digit of 27588387?
8
What is the units digit of 154836339?
9
What is the tens digit of 58793676?
7
What is the ten thousands digit of 533892406?
9
What is the units digit of 82851173?
3
What is the ten thousands digit of 34865585?
6
What is the ten millions digit of 501121262?
0
What is the hundred thousands digit of 12735497?
7
What is the hundred millions digit of 1822825097?
8
What is the hundred millions digit of 198623821?
1
What is the ten millions digit of 229443732?
2
What is the hundred millions digit of 937311756?
9
What is the ten millions digit of 58758901?
5
What is the tens digit of 975371666?
6
What is the millions digit of 1365318752?
5
What is the hundreds digit of 467329419?
4
What is the thousands digit of 318513259?
3
What is the ten millions digit of 1316660429?
1
What is the thousands digit of 51861084?
1
What is the hundreds digit of 269939823?
8
What is the tens digit of 863847435?
3
What is the hundred millions digit of 195594414?
1
What is the hundreds digit of 1431423539?
5
What is the tens digit of 63963304?
0
What is the thousands digit of 2469585?
9
What is the hundred millions digit of 197915951?
1
What is the ten thousands digit of 121192453?
9
What is the thousands digit of 70972891?
2
What is the hundred thousands digit of 637926416?
9
What is the hundreds digit of 400763661?
6
What is the ten millions digit of 245926540?
4
What is the hundred millions digit of 115698704?
1
What is the hundreds digit of 16585792?
7
What is the ten millions digit of 233300608?
3
What is the thousands digit of 483697866?
7
What is the hundred millions digit of 2064146273?
0
What is the hundred thousands digit of 14718088?
7
What is the units digit of 888310195?
5
What is the millions digit of 42878979?
2
What is the units digit of 52269577?
7
What is the ten thousands digit of 1077612862?
1
What is the billions digit of 2861437953?
2
What is the hundred thousands digit of 63579856?
5
What is the hundred thousands digit of 27664116?
6
What is the tens digit of 151982707?
0
What is the units digit of 606225832?
2
What is the units digit of 1123494044?
4
What is the ten thousands digit of 1336529784?
2
What is the tens digit of 772820438?
3
What is the millions digit of 59890041?
9
What is the thousands digit of 553773255?
3
What is the ten millions digit of 13970008?
1
What is the billions digit of 2520702488?
2
What is the tens digit of 324614380?
8
What is the units digit of 114232388?
8
What is the ten thousands digit of 133159413?
5
What is the ten millions digit of 4267970473?
6
What is the hundreds digit of 780322463?
4
What is the millions digit of 694676452?
4
What is the tens digit of 1329328730?
3
What is the hundred millions digit of 739983850?
7
What is the hundred thousands digit of 91535702?
5
What is the millions digit of 116701127?
6
What is the thousands digit of 140864315?
4
What is the hundred thousands digit of 2642617128?
6
What is the hundred thousands digit of 756663892?
6
What is the millions digit of 5721510312?
1
What is the ten millions digit of 776283961?
7
What is the ten thousands digit of 615117120?
1
What is the hundred thousands digit of 261326686?
3
What is the units digit of 1678994568?
8
What is the ten millions digit of 27510081?
2
What is the hundreds digit of 4250631264?
2
What is the ten millions digit of 38022533?
3
What is the hundred millions digit of 219376530?
2
What is the thousands digit of 21108163?
8
What is the units digit of 6258556012?
2
What is the tens digit of 1694921736?
3
What is the ten thousands digit of 2476314999?
1
What is the tens digit of 15557673?
7
What is the units digit of 6003042126?
6
What is the thousands digit of 80552515?
2
What is the units digit of 1271959573?
3
What is the millions digit of 201549142?
1
What is the ten thousands digit of 940174383?
7
What is the ten thousands digit of 35204154?
0
What is the tens digit of 29689158?
5
What is the millions digit of 78587633?
8
What is the hundreds digit of 34887946?
9
What is the units digit of 108432669?
9
What is the tens digit of 1241421177?
7
What is the ten millions digit of 140733452?
4
What is the hundred millions digit of 188927251?
1
What is the units digit of 1574059972?
2
What is the tens digit of 380000094?
9
What is the units digit of 73857942?
2
What is the hundred millions digit of 3737611472?
7
What is the ten millions digit of 67623962?
6
What is the billions digit of 1850493370?
1
What is the billions digit of 6296942586?
6
What is the ten millions digit of 52397862?
5
What is the tens digit of 60640237?
3
What is the hundred millions digit of 113261478?
1
What is the hundreds digit of 3888851408?
4
What is the hundred thousands digit of 1038576577?
5
What is the hundreds digit of 396668819?
8
What is the hundred millions digit of 229488790?
2
What is the ten millions digit of 1550942605?
5
What is the tens digit of 50348557?
5
What is the thousands digit of 678719195?
9
What is the thousands digit of 31230830?
0
What is the tens digit of 15564859?
5
What is the tens digit of 793565128?
2
What is the tens digit of 1334476038?
3
What is the tens digit of 1387284924?
2
What is the ten thousands digit of 96991977?
9
What is the thousands digit of 10095535?
5
What is the hundreds digit of 634943491?
4
What is the ten thousands digit of 75549980?
4
What is the hundreds digit of 275898854?
8
What is the thousands digit of 10088827?
8
What is the ten millions digit of 1548893697?
4
What is the hundred thousands digit of 644894264?
8
What is the ten millions digit of 95517294?
9
What is the ten thousands digit of 657236395?
3
What is the millions digit of 264183525?
4
What is the millions digit of 4309915662?
9
What is the hundred thousands digit of 42269075?
2
What is the tens digit of 19442192?
9
What is the units digit of 2233332?
2
What is the hundreds digit of 38060506?
5
What is the millions digit of 96449236?
6
What is the units digit of 26333968?
8
What is the units digit of 29511637?
7
What is the units digit of 372294446?
6
What is the ten thousands digit of 3166357889?
5
What is the thousands digi